ne x(1).
-8
Let z(p) = -p**3 + 7*p**2 + 11*p + 7. Let k = -90 + 98. Give z(k).
31
Let g(n) = -n**2 + 4*n + 1. Let s(w) = -2*w**2 + 11*w - 3. Let i(q) = -g(q) + s(q). Let h = -2 - -7. What is i(h)?
6
Let k = 2696 - 2684. Let a(f) be the second derivative of -f**3/6 + 3*f**2 + 3*f. What is a(k)?
-6
Let f(n) = n - 14. Suppose -3*a = -7*a + 4. Let p = 6 + a. Determine f(p).
-7
Let t(f) = 6*f**2 + f - 1. Suppose 0*d - 20 = -20*d. What is t(d)?
6
Let c(u) be the first derivative of -u**3/6 - u**2/2 - 12*u - 1. Let n(x) be the first derivative of c(x). Give n(7).
-8
Let n(l) = -l + 5. Let h = -64 - -67. Let g be ((-49)/(-2))/(1/2). Suppose -h*b - 2*b - g = 4*x, 5*x + 4*b + 50 = 0. Calculate n(x).
11
Let q be 6/(-8)*(-46)/69. Let w(y) be the first derivative of q*y**2 + 5 + y. What is w(-7)?
-6
Let k(z) be the third derivative of z**6/120 + z**5/12 - z**4/4 + z**3/3 - 33*z**2. Suppose 18 = -5*m + 2*m. Determine k(m).
2
Let f(n) = n**3 - 7*n**2 + 8*n. Suppose -2*j - 2*x = j - 16, 3*j - x = 19. Suppose p = 2*p - j. Give f(p).
12
Suppose 0 = -3*f - 2 + 14. Suppose m + 0*i - 4*i = -10, -f*m - 3*i + 17 = 0. Suppose 4 = m*z + 14. Let v(j) = -2*j - 7. What is v(z)?
3
Let z = 146 - 149. Let g(w) = -w**3 - 5*w**2 - 4*w - 1. Give g(z).
-7
Let l(z) = -5*z. Suppose 5*f - 6*x + 5 = -x, -3*f = x - 9. Suppose f*p + 4 + 1 = g, -3*p - 6 = 0. Give l(g).
-5
Let z be (-2)/(23 + -29 + (-44)/(-7)). Let q(g) = -2*g - 6. Calculate q(z).
8
Let m(f) be the third derivative of -f**5/60 - 7*f**4/24 - f**3/2 + 2*f**2. Let a = -39 + 39. Let u be (-4 + a - 1)/1. What is m(u)?
7
Let d(s) be the second derivative of -s**3/3 - 7*s**2/2 - 3*s. Let t be 11/(-2) - ((-153)/(-18))/(-17). Give d(t).
3
Let z(f) = -f**2 - 8*f + 6. Suppose -35*h - 177 = 103. Give z(h).
6
Let n be -2 - -5 - (-9 - -10). Let u(v) = -v**3 + 388*v**2 + 3 - 387*v**2 - n. What is u(1)?
1
Let m = 3 + 1. Suppose -m*h + 12 = 0, v + 18 = -0*v + 4*h. Let f(p) = p + 14. Give f(v).
8
Let c(n) = 20*n - 4. Let z(w) be the first derivative of 7*w**2/2 - w + 8. Let r(p) = -4*c(p) + 11*z(p). Determine r(-5).
20
Let w(x) = 17*x - 8. Let p(d) = 2*d - 1. Let r(z) = 18*p(z) - 2*w(z). Determine r(9).
16
Let d(c) be the first derivative of -c**4/4 - 14*c**3/3 + 15*c**2/2 - 14*c + 507. Give d(-15).
-14
Let c(t) = t**2 - 34. Let b = 525 + -525. Determine c(b).
-34
Let f(d) = 8*d + 14. Let b(n) = -3*n - 5. Let i(w) = 7*b(w) + 2*f(w). Let k be i(-3). Let m(x) = k*x**2 + 2*x**3 - 15*x**2 - 3*x**3 - 6*x. Determine m(-6).
0
Let b = -145 + 136. Let x(w) be the second derivative of -w**5/20 - 2*w**4/3 + 5*w**3/3 + 3*w**2/2 - 2*w. Give x(b).
-6
Let z(b) = -12*b - 12*b - 4*b + 29*b. Let h(u) = -8*u + 1. Let l(d) = h(d) + 5*z(d). What is l(1)?
-2
Let r(h) = -h**2 - 2*h + 2. Let p(i) = -i**3 - 5*i**2 - 4*i + 2. Let c be p(-4). Let y(k) = -k**3 + k**2. Let o be y(c). Calculate r(o).
-6
Let i(k) = k**3 + 5*k**2 - 6*k. Let f be 12/((-18)/(-9))*-1. Calculate i(f).
0
Let b = 35 - 25. Let h(j) = -b*j + 2*j**2 + j**3 - 2*j + 12*j. Give h(-2).
0
Let j = 20 - 10. Let k = 12 - j. Let r(u) = u**2 - 5*u + 3. Calculate r(k).
-3
Let l(d) = d**2 + 2*d - 3. Let c(o) = -o**2 - 15*o - 10. Let u be c(-14). Suppose -q = u*q. Suppose q = 7*b - 6*b - 2. Give l(b).
5
Let w = 1382 - 1376. Let c(k) = k**3 - 6*k**2 - k + 1. Calculate c(w).
-5
Let g(v) = -v**3 + 6*v**2 + v - 4. Let j be g(6). Let x(t) be the second derivative of t**5/20 + t**3/6 + t**2 + 3*t. Calculate x(j).
12
Suppose 13*z - 108 = -95. Let r(h) = -6*h**3 + h - 1. Give r(z).
-6
Let m(f) = 2*f**3 - 2*f**2 - 2*f + 3. Suppose 14 + 46 = 4*c. Let v(i) = i - 18. Let l be v(c). Let b = l + 5. Calculate m(b).
7
Let j(x) be the second derivative of x**4/12 - x**3/6 + x**2/2 - 16*x. Suppose 0 = 20*y - 34*y + 14. Calculate j(y).
1
Let w(s) be the second derivative of -s**3/6 + s**2/2 + 5*s + 10. Give w(-6).
7
Let f(u) = -9*u - 2. Suppose -24*a - 18 = -6*a. What is f(a)?
7
Let l(u) = u**3 - u. Let p be l(-1). Let x(i) = 3*i + 0*i + p*i - 7*i. Let m = -3 - -4. Determine x(m).
-4
Let x(d) = -d**3 - 10*d**2 + 13*d + 2. Let r be x(-11). Suppose -5*b + 85 = -10*b. Let q = b - r. Let p(m) = m**3 - m**2 - 3*m - 4. Determine p(q).
5
Let f(n) = -n**2 - 13*n + 4. Let m be (7 + 6)*(-1)/1. Let z be f(m). Suppose -2*l + 2 = 3*v, z*l - v - 22 = -4. Let i(g) = g**2 - 4*g + 4. Determine i(l).
4
Let b(m) = m**2 - 7*m - 3. Let q be b(4). Let u = 26 + q. Suppose 0 = 2*l + 3 - u. Let s(y) = -y**2 + 2*y + 4. Give s(l).
-4
Let t(g) = g**2 - 4. Let u(b) = -b**2 + b + 4. Let s(d) = -4*t(d) - 3*u(d). Suppose -18*h + 12 + 60 = 0. Calculate s(h).
-24
Let a be (-16)/(-4) + (-3)/(-3). Suppose 3*o = 14 - a. Let g(i) = i**2 - 4*i + 2. Give g(o).
-1
Let q(s) = s**2 - 3*s + 2. Suppose 4 = -3*r + 4*v, 0 = 5*r - 2*v - 2*v - 4. What is q(r)?
6
Let r(y) = -y**2 + 6*y - 4. Let n(g) = -g + 1. Let w(s) = -6*n(s) - r(s). Suppose -8 = -16*c + 20*c. What is w(c)?
2
Let y(r) = -3*r. Let h(o) = o**2 + 13*o + 12. Let t be h(-12). Let c be (t - (-4)/(-8))*(-3 - -1). What is y(c)?
-3
Let f(u) = -u**3 + 15*u**2 + 7*u - 2. Let y(o) = -o**3 + 16*o**2 + 9*o - 1. Let k(z) = -4*f(z) + 3*y(z). Calculate k(12).
-7
Let h(l) be the second derivative of 1/12*l**4 - 12*l - 1/3*l**3 - 1/2*l**2 + 0. Determine h(2).
-1
Let r(z) = z**3 + 5*z**2 + 3*z - 2. Let v be r(-4). Suppose 0 = -a + 3 - v. Suppose 4 = 5*m - a. Let q(d) = 10*d. What is q(m)?
10
Suppose -626*o = -629*o. Let j(g) be the first derivative of 0*g - 6 - 1/2*g**2 + o*g**3 + 3/4*g**4. Determine j(-1).
-2
Let k be -16 + 16 + 0/3 - 0. Let c(z) be the third derivative of -1/20*z**6 - 1/60*z**5 + k*z - 5*z**2 - 1/6*z**3 - 1/24*z**4 + 0. Calculate c(-1).
5
Suppose 5*p = -x + 7, x - 2*p = -2*x - 30. Let s be (-75)/125 + x/(-5). Let f(u) = 8*u - 1. Give f(s).
7
Let i be 3 + 3/1*-1. Let n be i - ((-3)/(-3) + -3). Suppose -p = -3*p + n. Let t(c) = c**2 - 2*c + 1. Determine t(p).
0
Let z(b) = b**2 + b + 3. Let v be (55/(-33))/(2*5/(-30)). Give z(v).
33
Let y = 1 + 7. Suppose -2*f = -y*f + 12. Let s(h) = -h + 4. Determine s(f).
2
Suppose 0 = -5*l - x - 502, 0 = -4*l + 4*x - 9*x - 410. Let j = -794 - -796. Let d be l/15 - j/6. Let z(u) = -u - 10. Calculate z(d).
-3
Let j(b) = b**2 + 4*b - 1. Let m = 10 + -5. Suppose t = d - m*d - 23, 5*t = -d - 20. Determine j(d).
4
Let h(r) = 4*r + 1. Let j be 4*-1 + (10 - 7). Let u be -7*(-6)/(-21)*j. Determine h(u).
9
Let z = -62 + 65. Let w(i) = 4*i**2 + 0*i**z + i**3 + 43 - i - 41. Calculate w(-4).
6
Let l(x) = 6*x. Suppose 0 = -13*g + 10*g - 2*t + 19, 3*g - 3*t = 24. What is l(g)?
42
Suppose 14*s = 12 + 2. Let w(k) be the third derivative of 5*k**4/12 + 2*k**2 + k. Determine w(s).
10
Let q(f) = 105*f - 51*f - 52*f - 36. Determine q(15).
-6
Let r(p) be the third derivative of -p**5/60 + p**4/4 - 7*p**3/6 + 131*p**2 - 2. Calculate r(5).
-2
Let t(k) be the first derivative of -k**2/2 - 4*k + 3. Let p = -23 + 17. Let a be p/(-1*(1 + -4 - -2)). Determine t(a).
2
Let w = -274 - -271. Let z(k) = -7*k**2 - 9*k. Let u(c) = c**2 + c - 1. Let d(x) = -4*u(x) - z(x). What is d(w)?
16
Let u(c) = -c**2 + 1. Let m be u(-1). Suppose -2*y + 28 = -m*y - 4*b, 3*b = -3*y - 3. Let a(j) = j - 4 + y + 2. Give a(-4).
-2
Let p(h) = 2*h**2 - 1. Let z = 0 + 1. Let i be p(z). Let r(t) = 10 - 2 - 3*t - i. Determine r(5).
-8
Let o(s) = -34*s**2 - 7*s**3 + 5*s**3 - 19*s + 24*s**2 + 3*s**3 - 19 - 2*s**3. What is o(-8)?
5
Let y be 0*3/(-6)*1. Suppose -5*o - 2*u + 18 = y, -u = 2*o - 4 - 3. Let r(b) = b**2 + b + 4. Calculate r(o).
24
Let a(h) = -44 - 6*h + 20 + 0*h**2 - 2*h**2 + 3*h**2 + 22. Calculate a(3).
-11
Let t(s) be the second derivative of -s**6/360 + s**5/40 + 13*s**4/12 + 18*s. Let r(x) be the third derivative of t(x). Calculate r(-4).
11
Suppose -m + 6*m = -4*h, 0 = -3*m - 2*h + 2. Let y(x) = m - 2*x - 7 + 9 - 2*x. Determine y(4).
-10
Suppose -8*l - 72 - 8 = 0. Let h(f) = -f - 5. Determine h(l).
5
Let j(v) = -v**3 + 2*v - 2. Let c be j(-2). Let f(p) = 0*p + c*p - 1 + 0 - 3. Give f(3).
2
Let u(l) = -6*l**3 - l**2. Let n(c) be the first derivative of c**4/2 + c**3/3 + c**2/2 + c - 20. Let r be n(-1). Calculate u(r).
5
Let q be (72/42)/(6/(-21)). Let p(o) = o**2 + 9*o + 10. What is p(q)?
-8
Suppose 0 = -0*l - 13*l - 78. Let c = -1 + 6. Let k(u) = -c + u + 5. What is k(l)?
-6
Let k be (6 - 4)/((-2)/(-5)). Let j(v) 